ite number?
False
Let j be ((-27)/12)/(1 + (-372)/368). Suppose 0 = 3*u + 5*m + 25 - 339, 0 = -2*u - m + j. Is u a composite number?
False
Let f = 14049 + 2924. Is f prime?
False
Let q(l) = -666*l - 38. Let t be q(-5). Suppose 0 = 19*o - 25873 - t. Is o a composite number?
True
Let y(o) = -o**2 + 8*o - 8. Let n be y(7). Is n/1 - -2*(1208 + -2) prime?
True
Let y be ((-15)/(-9))/(5/15). Suppose 678 = -3*p + y*k, 5*k + 1167 = -5*p + k. Is (5 + p)/(0 + -2) a prime number?
True
Suppose -5*a + 2*q = -4*a - 10, 2*a - q - 8 = 0. Suppose -2*i = s - 1, -a*i + 1 + 1 = 2*s. Suppose -z - 5 = -2*f, -f + 4*z + i - 1 = 0. Is f prime?
True
Is 7198/((9/27)/(2/12)) composite?
True
Let c = -1981 - -3599. Is c composite?
True
Is -19508*(189/14)/(-27) a prime number?
False
Let l(v) = 95*v**2 + 9*v + 8. Let g be l(-6). Suppose 5*b - g = 1056. Suppose -4*m + b = -3*u, -665 = -3*m - 0*u + 2*u. Is m a prime number?
True
Suppose 2*y + 3*u = 0, -3*y + 6 = -3*u - 24. Suppose y*h + 138 = 8*h. Is h composite?
True
Let b = 46 - 18. Is 10010/b - 1/(-2) prime?
False
Let y(t) be the first derivative of -t**2/2 + 12*t - 7. Let d be y(13). Is 5/10*(d + 143) prime?
True
Suppose 2*u + c - 541 = 0, u + c = 2*u - 266. Is u composite?
False
Let g be 40/16*(-1 - (-22)/10). Is (-419)/(-2*g/(-24)*-4) prime?
True
Suppose 2*m = -5*m + 4361. Is m prime?
False
Let p be (-2)/(-6) - (-89)/3. Suppose -3*q - p = -3*n, -n = -2*q + 3*q - 4. Suppose 215 = -2*d + n*d. Is d prime?
True
Let o = -114 + 209. Let v be 2/6 - o/(-3). Is 4/(v/(-422))*-4 a composite number?
False
Suppose 3*g = 6*g - 5589. Suppose 5*q - 1292 = g. Is q a prime number?
True
Let d = 671 - 313. Is d composite?
True
Suppose -4*u - 22 = -3*z + 12, 2*u - 60 = -4*z. Let r = z + -10. Is (r/(-6))/(3/(-261)) a prime number?
False
Let b(l) = -63*l**3 + 3*l + 4. Let o be b(3). Let y = 989 + o. Is 0 + -3 + 5 - y composite?
False
Let j = 3 + 0. Suppose 0 = -7*r + j*r. Suppose m + 253 = 2*q - r*m, 379 = 3*q - 2*m. Is q prime?
True
Let x(a) = -3*a + 38. Let b be x(10). Is 10/b + 191/4 composite?
True
Suppose -5*a + 5*m + 2 = -43, -2*m = 4*a - 18. Suppose 3*j = a + 6. Suppose 4*o - 260 = -g, 3*o - 2*o - 65 = j*g. Is o a composite number?
True
Suppose 0 = -3*p + 2*p + 328. Let j = -183 + p. Suppose j = a - 210. Is a a composite number?
True
Let p be -1*1/(-4 - (-1335)/333). Let w = 178 + p. Is w a prime number?
True
Suppose -6*n = -n + q - 70, -2*n + 3*q = -28. Suppose -1 - 9 = -2*r - 3*g, -n = -2*r - 5*g. Suppose 388 = r*y + 2*y. Is y prime?
True
Let i = 364 + -525. Let d = i + 301. Suppose 5*k + 3*j = d, 4*j = k + k - 82. Is k prime?
True
Let w be (-17 + -6)/(-2 + 1). Suppose w - 8 = t. Suppose t*x - 12*x - 582 = 0. Is x composite?
True
Is (6811 - 8) + 0*4/(-8) prime?
True
Suppose -18*p + 150382 - 1756 = 0. Is p prime?
False
Let i(l) = 8*l**3 - 8*l**2 + 3*l + 35. Is i(8) composite?
False
Let k(m) = -12*m - 8*m - 5*m - 5*m - 35. Is k(-13) composite?
True
Suppose -238 = -3*p + 5*y, 2*p + y - 168 = 2*y. Suppose -10 = -3*s - 2*s. Suppose -s*a + 0*a = -p. Is a composite?
False
Let h be (13 + -4)/((-3)/(-36)). Suppose -h - 93 = -3*c. Is c composite?
False
Suppose -t - 2*t + 96 = 0. Let s = t - -40. Let b = s - -19. Is b a composite number?
True
Suppose 22058 = 2*k - t, -5*k - 13*t + 15*t + 55143 = 0. Is k prime?
True
Suppose 3*z = -4*s + 7, 15 = 4*z + z + 5*s. Suppose n - 497 + 109 = -5*b, 0 = -2*b + z*n + 139. Is b a composite number?
True
Let w(j) = -34*j + 1. Let h(l) be the third derivative of -101*l**4/24 + l**3/3 - 5*l**2. Let u(a) = 6*h(a) - 17*w(a). Is u(-6) a composite number?
False
Suppose -32*u = u - 41547. Is u composite?
False
Suppose 41*m + 660390 = 71*m. Is m a prime number?
True
Let o(u) = -5*u**2 + 7*u - 29. Let n be o(8). Let l = 666 + n. Is l a composite number?
False
Let l(u) = 5*u + 11. Let a be l(-8). Let r be a/5 - (-1)/(-5). Is r/4*326/(-3) a prime number?
True
Let s be -1*(-3 + 184)*-1. Let k = -116 + s. Is k - -4*2/2 a composite number?
True
Let p be (-1)/3 + (9680/15)/(-2). Let w = 574 + p. Is w prime?
True
Suppose 0 = 2*v - 4 - 6. Suppose -4*p = -v*t + 366 + 988, -5*t = 4*p - 1346. Let f = -31 + t. Is f composite?
False
Suppose 11 = 3*k + 4*g + g, -2*k - 3*g + 6 = 0. Suppose 3*v = 2*v - 1, y = 4*v - 72. Is (1 + k)/4*y composite?
True
Suppose 2*z - z - 4 = 0. Suppose -5*i + z*i + n - 18 = 0, -5*n - 30 = 3*i. Let o = 292 - i. Is o composite?
False
Let m(b) = -28*b + 1. Is m(-9) composite?
True
Suppose 162584 = 65*a - 57*a. Is a composite?
False
Let p = 107028 - 74217. Is p prime?
False
Let o = 19763 - 12256. Is o composite?
False
Let b be (-23)/(3 - 20/7). Let x = b - -286. Suppose r - x = -4*r. Is r composite?
True
Let a be 6/15 - (-23)/5. Suppose 5*j + 4 = j, -4*d + a*j + 53 = 0. Is 3548*((-15)/d)/(-5) prime?
True
Suppose -8 = -5*n - 3, -3*w + 17 = 2*n. Suppose 3528 + 1807 = w*g. Is g prime?
False
Suppose -3023 = -2*l + 1275. Is l a prime number?
False
Suppose -2*b + 32521 = 2*g - 59607, 46052 = g + 5*b. Is g a prime number?
False
Let h = 32146 - 7883. Is h composite?
True
Suppose 158 = -9*x - 319. Let j = 166 + x. Is j prime?
True
Let j(d) = 4706*d**2 + 24*d + 5. Is j(-2) prime?
False
Let y = -715 + 31192. Is y prime?
False
Let i(w) = 113*w - 4. Is i(7) a prime number?
True
Let t(n) = 17*n**3 - 29*n**2 + 5*n - 133. Is t(14) composite?
True
Let q(k) = 7*k**2 + 14*k - 2. Let c(t) = 2*t**2 + 28*t - 12. Let j be c(-14). Is q(j) a prime number?
False
Suppose 29*r + 30049 = 105710. Is r a composite number?
False
Is ((-4)/10)/(5/(-112825)) composite?
True
Let v be (4 - 1 - 16)/1. Let a = v + 18. Suppose a*y - 427 = 828. Is y a prime number?
True
Suppose -d - 2 - 4 = 0. Let s be (27/(-18))/(d/(-16)). Is (s - -3)*(-79 + 0) a prime number?
True
Suppose 0 = -5*k + 4*c + 105, -2*k - c + 12 + 43 = 0. Suppose 2*v = -4*f + 6922, 0 = -3*v - 2*v - k. Is f a prime number?
True
Let t(f) = -26*f**3 + 7*f**2 - 9*f + 8. Let h be t(-7). Suppose 3*o - h = 2*b - 7*b, 0 = 3*b + o - 5600. Is b composite?
False
Let s be ((-34)/(-2) + 2)/((-1)/1). Suppose 4*h + 3*x - 209 = 0, 3*h - 3*x + 25 - 187 = 0. Let d = s + h. Is d composite?
True
Let x(j) = -j**2 + 3*j + 1. Let o be x(4). Let r be 12/14*(-46 + o). Is (-2 + r/(-4))*14 prime?
False
Let b(h) = 2*h**2 - 9*h + 5. Let w = 70 - 64. Is b(w) a composite number?
False
Let n = -13563 - -29074. Is n prime?
True
Let d be 2/4*(-10085 - -1). Is d/(-4)*2/(-3)*-3 composite?
False
Suppose 22 + 18 = 10*p. Let n(w) = w**3 + 9*w**2 + 8*w + 3. Let t be n(-8). Suppose -4*a - c = -1007, -p*a + t*c + 271 = -724. Is a a prime number?
True
Let g(p) = -3*p - 18. Let m be g(-7). Suppose m*n + 0*n = -5*d + 2776, -2*d = -3*n - 1123. Is d a composite number?
False
Let b(n) = -n**2 + 4*n + 13. Let u be b(6). Suppose -3*y + 19 = 4*d, -4*d - u = -5*y + 52. Let h = 28 + y. Is h a prime number?
True
Let o(d) = -d**3 + 16*d**2 - 4*d + 1. Let r be 6/(-9) - (0 - (-52)/(-6)). Is o(r) composite?
True
Let a(p) = -9*p. Let w be a(1). Is 825/2 - w/18 prime?
False
Let c be 2 + 0 - 1*3. Let s(u) = u - 39. Let w be s(33). Is (c - -12) + (-2 - w) a composite number?
True
Suppose -4*z - 20 = -3*n + 15, -3*z - 33 = -3*n. Let q = n + -15. Is (3 + 0)*(-8)/q composite?
True
Let j = 9 + -7. Suppose 0*k - 3*k = y, j*k = -2*y + 4. Suppose y*l - 1191 = -5*u + 389, -4*u = l - 1271. Is u composite?
True
Is 50509/7 + -1 + (-52)/91 a prime number?
False
Let w(y) be the second derivative of y**3/3 - 10*y**2 + y. Let i be w(10). Suppose b - 481 - 232 = i. Is b composite?
True
Suppose 0 = 2*o + 6, 5*o + 5 = 4*t - 6. Let f be (t - -1)/(1 + 0). Suppose f = 5*r - 275 + 40. Is r a composite number?
False
Suppose -4*m = -c - 6956 - 14694, -4*c = -8. Is m a prime number?
True
Let j be (4/(-3))/(-4)*12. Suppose 0 = 4*l + 4, 5*i - j*l + 6*l = 1903. Let s = i - 196. Is s a composite number?
True
Let k(z) = -15792*z - 269. Is k(-5) prime?
True
Let o be ((-7)/(-4))/(2/8). Suppose -o = s + 5. Is (-8)/s*(-27)/(-2) composite?
True
Suppose -5*b + 7309 - 669 = 0. Suppose -5*i = -4*k - 3050, -2*i - k + b = 95. Is i prime?
False
Let c(z) be the second derivative of z**3/3 + z**2/2 - 5*z. Let v be c(1). Suppose v*k - 7*k = -444. Is k prime?
False
Suppose -5*k + 16 = -4. Suppose 14 = 4*v - 5*o - 3, -v = -o - k. Is 574/v - (-8)/(-24) a composite number?
False
Suppose 0 =